2 + q + 9. Give r(j).
9
Suppose -4*b = 4*c - 164, -215 = -6*c + c + 5*b. Suppose -684 = 10*d + 8*d. Let g = c + d. Let t(o) = -o + 4. Determine t(g).
0
Let w = -1100 - -1099. Let l(b) = 0 + 1 + 199*b - 198*b. What is l(w)?
0
Let l(p) = 52*p**2 + 46*p**2 - 10*p - 100*p**2. What is l(-7)?
-28
Suppose 8 - 2 = -2*c. Let k be (-1 + 0)/((-2)/(c - -1)). Let x(f) = f**2 - f + 1. Let p(r) = -11*r**2 + 5*r - 4. Let q(n) = k*p(n) - 5*x(n). What is q(-1)?
5
Let j(v) = -7*v**2 - 2*v + 1. Let t(x) = 16*x**2 + 3*x - 2. Let g(y) = -5*j(y) - 3*t(y). Let h be (-23)/(-3) - 4/(-12). Let f be 3/(-2) + 4/h. Give g(f).
-13
Suppose 0 = -13*h + 113 - 22. Suppose -4 = 4*j - 0. Let y(v) = -2*v - 6. Let s(x) = -x. Let c(w) = j*y(w) + 3*s(w). Determine c(h).
-1
Let q(a) = -2*a**2 - 4*a + 6. Let w = 467 - -108. Let y = w + -573. Give q(y).
-10
Let p = 492 - 483. Let c(b) = -b**2 + 16*b - 62. Let j be c(p). Let o(t) = 3*t**2 - 2*t + 1. Determine o(j).
2
Let m(d) = -2*d - 9. Let q(c) = 463*c + 14 + 466*c - 926*c. Let v(f) = -8*m(f) - 5*q(f). What is v(-3)?
-1
Let m(a) = -4 + 2*a - a**2 + 3*a - a**3 - 3*a. Let l be ((-60)/140)/(3/21). Determine m(l).
8
Let x(y) = y**3 - 6*y**2 - 2*y + 4. Let a = -22 - -26. Let d(c) = 2*c**3 - 3*c**2 + 3*c + 8. Let o be d(a). Suppose -o + 22 = -13*r. Give x(r).
-8
Let f(t) = 16*t**2 - 17*t - 19. Let u(p) = 14*p**2 - 14*p - 17. Let s(w) = -5*f(w) + 6*u(w). Give s(0).
-7
Suppose 27*n = 25*n - 20. Let y(a) = -a**2 - 12*a - 25. Let c be y(n). Let l(w) = -w**2 - 8*w - 11. Let j be l(c). Let b(h) = -h**2 + 4*h + 4. Determine b(j).
4
Let m = 3637 + -3643. Let a(h) = h**2 + 11*h + 14. Calculate a(m).
-16
Suppose 5*y - 119*k = -121*k - 8, -4*y - 5*k - 37 = 0. Let r(c) be the first derivative of 1/2*c**y + 0*c - 43. Give r(8).
8
Let t(z) be the third derivative of 0*z + 0 + 94*z**2 - 2/3*z**3 - 1/12*z**4. Determine t(-7).
10
Let a(d) be the second derivative of -d**3/6 + 5*d**2/2 + 20*d. Let h be a(3). Let f(k) = 3*k + k - 2*k. What is f(h)?
4
Let n(b) be the second derivative of b**5/20 + 2*b**4/3 + 7*b**3/3 - 4*b**2 + 835*b. What is n(-6)?
-20
Let q(r) be the first derivative of r**2 + 124*r + 7966. What is q(-31)?
62
Let l(j) = 495 - 11*j + 512 - 2*j**2 - 1502 + 523. Give l(-7).
7
Let v be ((-5480)/(-720) + 2/(-18) - 7)*38. Let n(u) be the third derivative of 0 + 3/8*u**4 + 0*u - v*u**2 + 1/6*u**3. Give n(-1).
-8
Let t(s) = 4*s**2 + 58*s**3 + 43*s**3 + 14*s + 903 - 901 - 99*s**3. What is t(-3)?
-58
Suppose 0 = 4*j + t - 9, j - 4*j = 5*t + 6. Suppose -3*l + j*r = 21, 0 = -6*l + 9*l - 2*r + 16. Let o(c) = -c**3 - 4*c**2 - 2*c - 1. Give o(l).
-5
Let z(q) = q**2 - 6*q - 9. Let a be z(8). Let u(g) = 11*g + 68. Let i be u(-6). Let s(v) = -23*v**2 - i + 35*v**2 + 7*v - 20*v**2 + v**3. What is s(a)?
-2
Let c(p) be the second derivative of p**3/6 + 4*p**2 + 18*p. Suppose 41 - 13 = 4*y. What is c(y)?
15
Let a(l) = -l**2 + 15*l - 39. Let t be 5 + 4*(-11)/((-132)/27). Give a(t).
-25
Let o(d) be the third derivative of d**4/24 - d**3/3 + d**2 + 9*d - 77. Let b(r) = r**3 - 8*r**2 + 7*r - 2. Let y be b(7). Determine o(y).
-4
Let z(n) = -n**2 - 17*n - 31. Let x = -4836 + 4822. Determine z(x).
11
Let i(k) = -k + 12. Let q(d) be the second derivative of 0 + 9/2*d**2 - 1/6*d**4 + 21*d + 7/6*d**3. Let g be q(4). Determine i(g).
7
Let m(f) = -3*f. Let t be (-84)/(-1)*12/(-18). Let w be 3/(-7) + (-5624)/t. Let s = 97 - w. Calculate m(s).
9
Let f(n) = -9*n**2 - 40*n - 27. Let u(i) = -11*i**2 - 45*i - 29. Let j(g) = -6*f(g) + 5*u(g). Calculate j(15).
17
Let m(h) = -h**3 - 7*h**2 - 6*h. Let k be 6/(-24) + 63/12. Let q be (-4 - (0 - k)) + 7. Suppose -24 = q*f - 4*f. Calculate m(f).
0
Let a be 3/21 - ((-2)/(-14) - 1). Let d(s) = 224*s + a + s**3 + 1 - 8*s**2 - 218*s. Determine d(7).
-5
Let g(l) = -l**3 - l**2 + l + 27. Suppose -2*v + n + 1 = -2, 2*n = -v - 6. What is g(v)?
27
Suppose 5*r - 5*k = -546 + 541, 15 = r - 5*k. Let b(g) be the third derivative of g**4/4 + 7*g**3/6 + 2*g**2. Give b(r).
-23
Let a(r) = -26 - 687*r**2 + 90*r + 25*r + 681*r**2. Determine a(19).
-7
Let y(l) = -2*l + 2. Let h = 6 + -2. Let g be (-58)/h + (-5)/(-10). Let b be (g + 6)/(0 + (-4)/2). Determine y(b).
-6
Let r be (-2 - -1)*(13 - 4)/(-3). Let g(t) be the third derivative of 0 + 0*t + 1/24*t**4 + 2*t**2 - 3/2*t**r. Determine g(7).
-2
Let s(r) = 2*r + 1. Let n(v) be the second derivative of -v**3/2 + 3*v - 9. Let l(m) = 3*n(m) + 4*s(m). Calculate l(0).
4
Let p(h) = -4*h - 19. Let m be (-1090)/(-70) + 8/(-14). Suppose l - 6*l = -2*t - 27, 4*t + m = -3*l. Calculate p(t).
5
Let x(z) = -2*z**2 - 10*z - 18. Let n(h) = -10*h**2 - 49*h + 61. Let r be n(-6). What is x(r)?
-18
Let w(n) = -2*n - 197. Let f(h) = h + 199. Let s(b) = 3*f(b) + 4*w(b). Let k be s(-37). Let a(d) = -d + 4. Let o(x) = 5. Let l(m) = -2*a(m) + 3*o(m). Give l(k).
-5
Let u(o) = o**2 + 21*o + 8. Suppose -15*j - 603 + 23 = -265. Determine u(j).
8
Let n(j) = -5*j**2 - 18*j - 11. Let t(o) = 2*o**3 - 198*o**2 - 6*o + 591. Let g be t(99). What is n(g)?
-2
Let x(j) = -3*j - 4. Suppose -7*c = -5*c - 4. Suppose 0 = 5*l + 5*a - 5, 3*l + c*a - 5*a = -21. Give x(l).
5
Let i(z) be the third derivative of 3*z**6/40 - z**5/4 + z**4/6 + z**3/6 - 62*z**2 + 3*z. Let n(s) = 2*s**3 - 2*s**2 + s. Let l(m) = i(m) - 6*n(m). Give l(-2).
17
Let a = 37 + -39. Let q be 1/(2/a) - -10. Let m(r) = q + 7 - 16 + 7*r + r**2. What is m(-5)?
-10
Let y(s) = 6*s + 6. Let c(q) = q**3 - 54*q**2 + 290*q - 10. Let p be c(6). What is y(p)?
18
Let s(j) = 4*j**2 + 1. Let n(t) = -4*t**3 + 7*t + 7. Let k be n(-3). Let r = -69 + k. Let d = -26 + r. Determine s(d).
5
Let v(s) = 2*s + 33. Let z = 3861 + -3875. Determine v(z).
5
Let s(z) = 3*z**3 + 2*z**2 + 5*z + 2. Let a be s(-2). Let w = -21 - a. Let j be ((-6)/(-6))/(w/(-18)). Let m(n) = -n**2 - 6*n - 7. What is m(j)?
-7
Let y(w) = -3*w**2 - 3 - w**2 - 1 + 2179*w**3 - 2177*w**3. Give y(3).
14
Suppose 1096*m - 885*m + 2110 = 0. Let x(l) be the second derivative of -l**4/12 - 5*l**3/3 - 9*l**2/2 + 5*l. Calculate x(m).
-9
Let h(g) = g - 13. Suppose 3*w + 15 = 0, 8*z - 2*w = 9*z + 70. Let o be (-1 - -1)*z/(-120). Give h(o).
-13
Let l(j) = 3*j**2 - 8 + 2*j**2 + 5*j - 6 + 1. Let s(n) = -n**2 - n + 1. Let r(f) = l(f) + 4*s(f). Let g be 0/(-1 + 4 - 1). Calculate r(g).
-9
Let q(k) = -2 + 1236*k**3 + 0 - 1 - 10*k - 1237*k**3 - 8*k**2. Calculate q(-7).
18
Let i(u) = -4*u**2 - 3*u - 1. Suppose 6*j + 11481 = 11451. Determine i(j).
-86
Suppose 13*n - 4*n - 3150 = 0. Let i = n + -347. Let a(m) = -2*m**2 + 0*m**2 + 3*m**2 + 2 - 5*m. Determine a(i).
-4
Let v = 135 + -29. Let c = 110 - v. Let u(a) = -4*a - 3. Let f(i) = -5*i - 3. Let o(g) = 5*f(g) - 6*u(g). Give o(c).
-1
Let v(y) = 6*y**2 + 2*y + 3. Let b(w) = -2*w**3 - 117*w**2 + 183*w + 178. Let n be b(-60). Calculate v(n).
23
Suppose 0 = 2*v + h - 3613, 0 = -2*h + 2. Let j(c) = -1806 + v + 15*c. What is j(1)?
15
Let o(n) = 7*n**3 - 9*n**2 + 2*n + 2. Let m(f) = f**3 - f**2. Let w(z) = 6*m(z) - o(z). Let x(y) = -y**3 + 23*y**2 - 40*y - 2. Let b be x(2). What is w(b)?
-2
Let o(b) be the first derivative of b**4/4 - 14*b**3/3 + 9*b**2/2 + 32*b + 1920. Give o(13).
-20
Let j = -18 + 20. Let h(c) = 3*c**2 - 2*c - 4*c**2 + 5*c - j*c - 2. Suppose -26 + 42 = 8*y. Determine h(y).
-4
Let t(v) = -2*v + 8. Let l be t(7). Let q(x) = 9*x**2 + 32*x - 5. Let j(p) = 20*p**2 + 71*p - 10. Let g(n) = 4*j(n) - 9*q(n). Give g(l).
-7
Let o(r) = 18*r - 12. Let l be o(1). Suppose -v = -2*v - 2*g - 19, -l = -v + 3*g. Let j(k) = -3*k - 21. What is j(v)?
6
Suppose -2258*q - 4 = -2257*q. Let j(g) = -9*g**3 - g**2 + 5*g - 12. Let f(o) = -7*o**3 - 2*o**2 + 5*o - 11. Let d(p) = q*j(p) + 5*f(p). Calculate d(5).
-7
Let c = 14 - 12. Let b be (63/84)/(9/4 - c). Let l(o) = -o. Give l(b).
-3
Let j(k) = -5*k + 148. Let o be j(29). Let w(g) = 0*g**o + g**3 - 3 + 4 - 33*g + 35*g + 0 - 7*g**2. Determine w(6).
-23
Suppose -16 = 9*u - 34. Suppose -p - 12 = 3*w, -4*p + u*w + 27 = -w. Suppose -2*h + p - 17 = 0. Let f(x) = x**2 + 7*x - 5. Give f(h).
-5
Let c = 85 - 85. Let z(t) = 1 + c + 0 - 3 - t. What is z(-3)?
1
Suppose 73*j + 228 + 73 = -137. Let m(t) = -t**3 - 13*t**2 - t - 1. Let h(q) = q**3 + 12*q**2 + 2*q + 2. Let g(y) = -6*h(y) - 5*m(y). What is g(j)?
-1
Let d be (-24)/36*(13 - 1). Let t be 40*6/(-45)*(5 + d). Let n(r) = -11*r - 14 